at is the ten thousands digit of 775279?
7
What is the units digit of 465508?
8
What is the tens digit of 81056?
5
What is the tens digit of 1543705?
0
What is the hundreds digit of 625433?
4
What is the tens digit of 5633879?
7
What is the thousands digit of 472441?
2
What is the thousands digit of 120529?
0
What is the thousands digit of 183360?
3
What is the hundred thousands digit of 13002686?
0
What is the hundred thousands digit of 339470?
3
What is the units digit of 23558?
8
What is the millions digit of 1288563?
1
What is the ten thousands digit of 7930740?
3
What is the tens digit of 6771490?
9
What is the units digit of 454293?
3
What is the thousands digit of 770031?
0
What is the millions digit of 3040055?
3
What is the units digit of 17334?
4
What is the tens digit of 87282?
8
What is the hundreds digit of 205171?
1
What is the tens digit of 182758?
5
What is the hundreds digit of 890172?
1
What is the units digit of 369392?
2
What is the tens digit of 17842?
4
What is the millions digit of 7072755?
7
What is the tens digit of 684929?
2
What is the units digit of 35956?
6
What is the units digit of 533473?
3
What is the tens digit of 1629124?
2
What is the thousands digit of 6293895?
3
What is the millions digit of 29875878?
9
What is the hundreds digit of 2495?
4
What is the millions digit of 5581380?
5
What is the hundreds digit of 199946?
9
What is the ten thousands digit of 787757?
8
What is the hundreds digit of 255557?
5
What is the units digit of 1695964?
4
What is the hundreds digit of 82860?
8
What is the hundred thousands digit of 29670232?
6
What is the hundred thousands digit of 112940?
1
What is the units digit of 10248698?
8
What is the ten thousands digit of 4027023?
2
What is the millions digit of 26643762?
6
What is the millions digit of 3504451?
3
What is the ten thousands digit of 96957?
9
What is the hundred thousands digit of 255514?
2
What is the millions digit of 16706376?
6
What is the ten thousands digit of 25770316?
7
What is the millions digit of 1808976?
1
What is the thousands digit of 252325?
2
What is the thousands digit of 2497029?
7
What is the ten thousands digit of 251070?
5
What is the hundreds digit of 395258?
2
What is the thousands digit of 5501384?
1
What is the millions digit of 13422203?
3
What is the hundred thousands digit of 2285934?
2
What is the hundreds digit of 9505916?
9
What is the hundreds digit of 247676?
6
What is the hundreds digit of 177342?
3
What is the hundred thousands digit of 5032271?
0
What is the millions digit of 4944570?
4
What is the tens digit of 16377056?
5
What is the tens digit of 319820?
2
What is the tens digit of 269318?
1
What is the units digit of 20800?
0
What is the units digit of 2854471?
1
What is the units digit of 8725233?
3
What is the hundreds digit of 144845?
8
What is the tens digit of 279756?
5
What is the hundreds digit of 9488660?
6
What is the millions digit of 2172761?
2
What is the hundreds digit of 79067?
0
What is the ten thousands digit of 7852043?
5
What is the hundreds digit of 2299856?
8
What is the units digit of 97171?
1
What is the units digit of 5505870?
0
What is the hundred thousands digit of 377149?
3
What is the tens digit of 772326?
2
What is the units digit of 139411?
1
What is the ten thousands digit of 202445?
0
What is the millions digit of 12185128?
2
What is the tens digit of 2366614?
1
What is the hundred thousands digit of 3041428?
0
What is the units digit of 638541?
1
What is the hundreds digit of 135154?
1
What is the ten thousands digit of 1694830?
9
What is the units digit of 18442638?
8
What is the hundred thousands digit of 18932637?
9
What is the hundreds digit of 2145135?
1
What is the tens digit of 978663?
6
What is the hundred thousands digit of 411345?
4
What is the units digit of 9142154?
4
What is the thousands digit of 197063?
7
What is the hundred thousands digit of 445380?
4
What is the hundred thousands digit of 25868977?
8
What is the hundreds digit of 22681651?
6
What is the hundreds digit of 4010728?
7
What is the units digit of 20137843?
3
What is the ten millions digit of 11831408?
1
What is the hundred thousands digit of 4629515?
6
What is the tens digit of 6916645?
4
What is the hundred thousands digit of 2423027?
4
What is the ten thousands digit of 283796?
8
What is the tens digit of 235987?
8
What is the hundred thousands digit of 170012?
1
What is the thousands digit of 58813?
8
What is the hundreds digit of 24083440?
4
What is the tens digit of 3383397?
9
What is the millions digit of 6307032?
6
What is the hundred thousands digit of 8025073?
0
What is the tens digit of 105467?
6
What is the hundred thousands digit of 828089?
8
What is the tens digit of 1025718?
1
What is the hundred thousands digit of 3443399?
4
What is the units digit of 3609319?
9
What is the hundred thousands digit of 10373056?
3
What is the hundred thousands digit of 7290556?
2
What is the tens digit of 5373885?
8
What is the units digit of 1441574?
4
What is the hundred thousands digit of 13067743?
0
What is the ten thousands digit of 2982646?
8
What is the millions digit of 7047321?
7
What is the hundred thousands digit of 8531974?
5
What is the millions digit of 4431304?
4
What is the tens digit of 20287055?
5
What is the units digit of 1997039?
9
What is the tens digit of 9151153?
5
What is the ten thousands digit of 4742898?
4
What is the units digit of 128284?
4
What is the tens digit of 7106?
0
What is the hundreds digit of 504979?
9
What is the hundred thousands digit of 3657921?
6
What is the hundred thousands digit of 5704631?
7
What is the units digit of 898583?
3
What is the millions digit of 3767620?
3
What is the units digit of 22547?
7
What is the tens digit of 254823?
2
What is the hundreds digit of 591884?
8
What is the thousands digit of 5612943?
2
What is the hundreds digit of 5521562?
5
What is the hundreds digit of 967961?
9
What is the thousands digit of 3134011?
4
What is the hundreds digit of 355296?
2
What is the hundreds digit of 7031541?
5
What is the ten thousands digit of 172470?
7
What is the units digit of 3823485?
5
What is the ten thousands digit of 124308?
2
What is the units digit of 2461590?
0
What is the ten thousands digit of 2307661?
0
What is the thousands digit of 83762?
3
What is the thousands digit of 409804?
9
What is the units digit of 2031939?
9
What is the ten thousands digit of 2035526?
3
What is the millions digit of 2798665?
2
What is the millions digit of 24952536?
4
What is the thousands digit of 42996?
2
What is the units digit of 70137?
7
What is the thousands digit of 127234?
7
What is the units digit of 221935?
5
What is the tens digit of 298344?
4
What is the units digit of 211448?
8
What is the units digit of 228130?
0
What is the tens digit of 33360?
6
What is the ten thousands digit of 1208679?
0
What is the units digit of 1488190?
0
What is the tens digit of 1192788?
8
What is the units digit of 6118003?
3
What is the hundreds digit of 614867?
8
What is the hundred thousands digit of 203450?
2
What is the thousands digit of 5161168?
1
What is the thousands digit of 964318?
4
What is the hundreds digit of 244565?
5
What is the tens digit of 110846?
4
What is the units digit of 966391?
1
What is the units digit of 33950778?
8
What is the tens digit of 188637?
3
What is the thousands digit of 2527346?
7
What is the hundred thousands digit of 4340130?
3
What is the units digit of 273430?
0
What is the hundred thousands digit of 267510?
2
What is the units digit of 219582?
2
What is the millions digit of 3495102?
3
What is the units digit of 838870?
0
What is the ten millions digit of 21138396?
2
What is the tens digit of 288891?
9
What is the millions digit of 1531773?
1
What is the units digit of 5269813?
3
What is the thousands digit of 413406?
3
What is the tens digit of 2579811?
1
What is the units digit of 398600?
0
What is the thousands digit of 5333097?
3
What is the thousands digit of 9311351?
1
What is the units digit of 9245862?
2
What is the hundred thousands digit of 1576770?
5
What is the millions digit of 8280233?
8
What is the tens digit of 10281?
8
What is the tens digit of 336267?
6
What is the hundred thousands digit of 739237?
7
What is